{"id":632,"date":"2025-11-07T09:58:50","date_gmt":"2025-11-07T09:58:50","guid":{"rendered":"https:\/\/productosmariagracia.com\/?post_type=product&#038;p=632"},"modified":"2026-03-16T18:02:06","modified_gmt":"2026-03-16T18:02:06","slug":"iaso-te-instantaneo-sabor-limon","status":"publish","type":"product","link":"https:\/\/productosmariagracia.com\/?product=iaso-te-instantaneo-sabor-limon","title":{"rendered":"Iaso T\u00e9 Instant\u00e1neo Sabor Lim\u00f3n"},"content":{"rendered":"<p><strong>Iaso\u00ae T\u00e9 Instant\u00e1neo<\/strong><br \/>\nNuestra combinaci\u00f3n \u00fanica est\u00e1 dise\u00f1ada para proporcionar una limpieza suave del colon y una desintoxicaci\u00f3n natural del cuerpo. El Iaso\u00ae T\u00e9 Instant\u00e1neo contiene cualidades antiinflamatorias y<br \/>\nantioxidantes.<\/p>\n<p>La suma de la fibra soluble en la f\u00f3rmula de Iaso\u00ae T\u00e9 Instant\u00e1neo est\u00e1 dise\u00f1ada para reducir el apetito y ayudarte a sentirte m\u00e1s satisfecho despu\u00e9s de comer. El Iaso\u00ae T\u00e9 Instant\u00e1neo trabaja sin\u00e9rgicamente con toda la l\u00ednea de productos y suplementos de salud y bienestar de Total Life Changes.<br \/>\nLa fibra soluble que hemos incluido en nuestro t\u00e9 fomenta un apetito saludable y te ayuda a sentirte lleno.<br \/>\nEn estudios se ha demostrado que la fibra soluble promueve una dieta saludable y mantiene el tracto digestivo saludable.<\/p>\n<p>1 Este producto es compatible con un estilo de vida saludable. Los resultados individuales no son garantizados y pueden variar seg\u00fan la dieta y el ejercicio. No podemos y no garantizamos que alcanzar\u00e1s un objetivo espec\u00edfico o resultado particular y aceptas el riesgo de que los resultados difieren para cada individuo.<br \/>\nEl \u00e9xito de la salud, el estado f\u00edsico y la nutrici\u00f3n depende de los antecedentes, la dedicaci\u00f3n, el deseo y motivaci\u00f3n de cada individuo. Siempre consulta con un profesional de la salud antes de consumir cualquier suplemento diet\u00e9tico.<\/p>\n","protected":false},"excerpt":{"rendered":"<p><strong>Desintoxicaci\u00f3n y Limpieza completamente naturales<\/strong><br \/>\n\u00a1Dale vida a tu rutina de bienestar con el t\u00e9 instant\u00e1neo Lemonade laso\u00ae! Dile adi\u00f3s a la hinchaz\u00f3n y prep\u00e1rate para sentirte tan ligero y vibrante como este cl\u00e1sico sabor refrescante de verano. Cada sorbo soleado de este t\u00e9 depurativo c\u00edtrico fortalece tu intestino, ayuda a controlar el peso y ofrece una explosi\u00f3n brillante de sabor \u00e1cido y atemporal.<\/p>\n","protected":false},"featured_media":616,"comment_status":"open","ping_status":"closed","template":"","meta":{"site-sidebar-layout":"default","site-content-layout":"","ast-site-content-layout":"default","site-content-style":"default","site-sidebar-style":"default","ast-global-header-display":"","ast-banner-title-visibility":"","ast-main-header-display":"","ast-hfb-above-header-display":"","ast-hfb-below-header-display":"","ast-hfb-mobile-header-display":"","site-post-title":"","ast-breadcrumbs-content":"","ast-featured-img":"","footer-sml-layout":"","theme-transparent-header-meta":"default","adv-header-id-meta":"","stick-header-meta":"","header-above-stick-meta":"","header-main-stick-meta":"","header-below-stick-meta":"","astra-migrate-meta-layouts":"set","ast-page-background-enabled":"default","ast-page-background-meta":{"desktop":{"background-color":"var(--ast-global-color-4)","background-image":"","background-repeat":"repeat","background-position":"center center","background-size":"auto","background-attachment":"scroll","background-type":"","background-media":"","overlay-type":"","overlay-color":"","overlay-opacity":"","overlay-gradient":""},"tablet":{"background-color":"","background-image":"","background-repeat":"repeat","background-position":"center center","background-size":"auto","background-attachment":"scroll","background-type":"","background-media":"","overlay-type":"","overlay-color":"","overlay-opacity":"","overlay-gradient":""},"mobile":{"background-color":"","background-image":"","background-repeat":"repeat","background-position":"center center","background-size":"auto","background-attachment":"scroll","background-type":"","background-media":"","overlay-type":"","overlay-color":"","overlay-opacity":"","overlay-gradient":""}},"ast-content-background-meta":{"desktop":{"background-color":"var(--ast-global-color-5)","background-image":"","background-repeat":"repeat","background-position":"center center","background-size":"auto","background-attachment":"scroll","background-type":"","background-media":"","overlay-type":"","overlay-color":"","overlay-opacity":"","overlay-gradient":""},"tablet":{"background-color":"var(--ast-global-color-5)","background-image":"","background-repeat":"repeat","background-position":"center center","background-size":"auto","background-attachment":"scroll","background-type":"","background-media":"","overlay-type":"","overlay-color":"","overlay-opacity":"","overlay-gradient":""},"mobile":{"background-color":"var(--ast-global-color-5)","background-image":"","background-repeat":"repeat","background-position":"center center","background-size":"auto","background-attachment":"scroll","background-type":"","background-media":"","overlay-type":"","overlay-color":"","overlay-opacity":"","overlay-gradient":""}}},"product_brand":[],"product_cat":[23],"product_tag":[],"class_list":{"0":"post-632","1":"product","2":"type-product","3":"status-publish","4":"has-post-thumbnail","6":"product_cat-productos-para-control-de-peso","7":"desktop-align-left","8":"tablet-align-left","9":"mobile-align-left","11":"first","12":"instock","13":"shipping-taxable","14":"purchasable","15":"product-type-simple"},"aioseo_notices":[],"_links":{"self":[{"href":"https:\/\/productosmariagracia.com\/index.php?rest_route=\/wp\/v2\/product\/632","targetHints":{"allow":["GET"]}}],"collection":[{"href":"https:\/\/productosmariagracia.com\/index.php?rest_route=\/wp\/v2\/product"}],"about":[{"href":"https:\/\/productosmariagracia.com\/index.php?rest_route=\/wp\/v2\/types\/product"}],"replies":[{"embeddable":true,"href":"https:\/\/productosmariagracia.com\/index.php?rest_route=%2Fwp%2Fv2%2Fcomments&post=632"}],"version-history":[{"count":1,"href":"https:\/\/productosmariagracia.com\/index.php?rest_route=\/wp\/v2\/product\/632\/revisions"}],"predecessor-version":[{"id":957,"href":"https:\/\/productosmariagracia.com\/index.php?rest_route=\/wp\/v2\/product\/632\/revisions\/957"}],"wp:featuredmedia":[{"embeddable":true,"href":"https:\/\/productosmariagracia.com\/index.php?rest_route=\/wp\/v2\/media\/616"}],"wp:attachment":[{"href":"https:\/\/productosmariagracia.com\/index.php?rest_route=%2Fwp%2Fv2%2Fmedia&parent=632"}],"wp:term":[{"taxonomy":"product_brand","embeddable":true,"href":"https:\/\/productosmariagracia.com\/index.php?rest_route=%2Fwp%2Fv2%2Fproduct_brand&post=632"},{"taxonomy":"product_cat","embeddable":true,"href":"https:\/\/productosmariagracia.com\/index.php?rest_route=%2Fwp%2Fv2%2Fproduct_cat&post=632"},{"taxonomy":"product_tag","embeddable":true,"href":"https:\/\/productosmariagracia.com\/index.php?rest_route=%2Fwp%2Fv2%2Fproduct_tag&post=632"}],"curies":[{"name":"wp","href":"https:\/\/api.w.org\/{rel}","templated":true}]}}