{"id":636,"date":"2025-11-07T10:19:12","date_gmt":"2025-11-07T10:19:12","guid":{"rendered":"https:\/\/productosmariagracia.com\/?post_type=product&#038;p=636"},"modified":"2026-03-16T18:01:12","modified_gmt":"2026-03-16T18:01:12","slug":"resolution-drops","status":"publish","type":"product","link":"https:\/\/productosmariagracia.com\/?product=resolution-drops","title":{"rendered":"Resolution Drops"},"content":{"rendered":"<div style=\"width: 640px;\" class=\"wp-video\"><!--[if lt IE 9]><script>document.createElement('video');<\/script><![endif]-->\n<video class=\"wp-video-shortcode\" id=\"video-636-1\" width=\"640\" height=\"352\" preload=\"metadata\" controls=\"controls\"><source type=\"video\/mp4\" src=\"https:\/\/productosmariagracia.com\/wp-content\/uploads\/2025\/11\/WhatsApp-Video-2025-10-25-at-9.52.22-PM-1.mp4?_=1\" \/><a href=\"https:\/\/productosmariagracia.com\/wp-content\/uploads\/2025\/11\/WhatsApp-Video-2025-10-25-at-9.52.22-PM-1.mp4\">https:\/\/productosmariagracia.com\/wp-content\/uploads\/2025\/11\/WhatsApp-Video-2025-10-25-at-9.52.22-PM-1.mp4<\/a><\/video><\/div>\n<h3><strong>Una parte importante de tu jornada de Salud.<\/strong><\/h3>\n<p>Resolution Drops (Gotas Resoluci\u00f3n) es un producto dise\u00f1ado para ayudar a las personas que est\u00e1n tomando medidas para obtener un peso saludable. Nuestra f\u00f3rmula ayuda a reducir los antojos de alimentos y ayuda al cuerpo a enfrentar las n\u00e1useas, la hinchaz\u00f3n, los gases e indigesti\u00f3n. Nuestra f\u00f3rmula viene con una dieta recomendada de tres comidas balanceadas al d\u00eda.<\/p>\n<p>Esta dieta saludable consiste principalmente en prote\u00ednas y vegetales, limita el tama\u00f1o de las porciones de frutas y excluye los alimentos en la categor\u00eda de almidones. Cuando se utilizan junto con nuestra dieta<br \/>\nsugerida de 1200 calor\u00edas por d\u00eda, \u201cResolution Drops\u201d puede ser el catalizador de comportamientos que ayudan a perder peso. * Este producto es compatible con un estilo de vida saludable. Los resultados individuales no son garantizados y pueden variar seg\u00fan la dieta y el ejercicio. No podemos y no garantizamos que alcanzar\u00e1s un objetivo espec\u00edfico o resultado particular y aceptas el riesgo de que los resultados difieren para cada individuo. El \u00e9xito de la salud, el estado f\u00edsico y la nutrici\u00f3n depende de los antecedentes, la dedicaci\u00f3n, el deseo y motivaci\u00f3n de cada individuo. Siempre consulta con un profesional de la salud antes de consumir cualquier suplemento diet\u00e9tico.<\/p>\n","protected":false},"excerpt":{"rendered":"<p><strong>Una parte importante de tu jornada de Salud.<\/strong><\/p>\n<p>Resolution Drops (Gotas Resoluci\u00f3n) es un producto dise\u00f1ado para ayudar a las personas que est\u00e1n tomando medidas para obtener un peso saludable. Nuestra f\u00f3rmula ayuda a reducir los antojos de alimentos y ayuda al cuerpo a enfrentar las n\u00e1useas, la hinchaz\u00f3n, los gases e indigesti\u00f3n. Nuestra f\u00f3rmula viene con una dieta recomendada de tres comidas balanceadas al d\u00eda. Esta dieta saludable consiste principalmente en prote\u00ednas y vegetales, limita el tama\u00f1o de las porciones de frutas y excluye los alimentos en la categor\u00eda de almidones. Cuando se utilizan junto con nuestra dieta sugerida de 1200 calor\u00edas por d\u00eda, \u201cResolution Drops\u201d puede ser el catalizador de comportamientos que ayudan a perder peso.<\/p>\n","protected":false},"featured_media":619,"comment_status":"open","ping_status":"closed","template":"","meta":{"site-sidebar-layout":"default","site-content-layout":"","ast-site-content-layout":"default","site-content-style":"default","site-sidebar-style":"default","ast-global-header-display":"","ast-banner-title-visibility":"","ast-main-header-display":"","ast-hfb-above-header-display":"","ast-hfb-below-header-display":"","ast-hfb-mobile-header-display":"","site-post-title":"","ast-breadcrumbs-content":"","ast-featured-img":"","footer-sml-layout":"","theme-transparent-header-meta":"default","adv-header-id-meta":"","stick-header-meta":"","header-above-stick-meta":"","header-main-stick-meta":"","header-below-stick-meta":"","astra-migrate-meta-layouts":"set","ast-page-background-enabled":"default","ast-page-background-meta":{"desktop":{"background-color":"var(--ast-global-color-4)","background-image":"","background-repeat":"repeat","background-position":"center center","background-size":"auto","background-attachment":"scroll","background-type":"","background-media":"","overlay-type":"","overlay-color":"","overlay-opacity":"","overlay-gradient":""},"tablet":{"background-color":"","background-image":"","background-repeat":"repeat","background-position":"center center","background-size":"auto","background-attachment":"scroll","background-type":"","background-media":"","overlay-type":"","overlay-color":"","overlay-opacity":"","overlay-gradient":""},"mobile":{"background-color":"","background-image":"","background-repeat":"repeat","background-position":"center center","background-size":"auto","background-attachment":"scroll","background-type":"","background-media":"","overlay-type":"","overlay-color":"","overlay-opacity":"","overlay-gradient":""}},"ast-content-background-meta":{"desktop":{"background-color":"var(--ast-global-color-5)","background-image":"","background-repeat":"repeat","background-position":"center center","background-size":"auto","background-attachment":"scroll","background-type":"","background-media":"","overlay-type":"","overlay-color":"","overlay-opacity":"","overlay-gradient":""},"tablet":{"background-color":"var(--ast-global-color-5)","background-image":"","background-repeat":"repeat","background-position":"center center","background-size":"auto","background-attachment":"scroll","background-type":"","background-media":"","overlay-type":"","overlay-color":"","overlay-opacity":"","overlay-gradient":""},"mobile":{"background-color":"var(--ast-global-color-5)","background-image":"","background-repeat":"repeat","background-position":"center center","background-size":"auto","background-attachment":"scroll","background-type":"","background-media":"","overlay-type":"","overlay-color":"","overlay-opacity":"","overlay-gradient":""}}},"product_brand":[],"product_cat":[23],"product_tag":[],"class_list":{"0":"post-636","1":"product","2":"type-product","3":"status-publish","4":"has-post-thumbnail","6":"product_cat-productos-para-control-de-peso","7":"desktop-align-left","8":"tablet-align-left","9":"mobile-align-left","11":"first","12":"instock","13":"shipping-taxable","14":"purchasable","15":"product-type-simple"},"aioseo_notices":[],"_links":{"self":[{"href":"https:\/\/productosmariagracia.com\/index.php?rest_route=\/wp\/v2\/product\/636","targetHints":{"allow":["GET"]}}],"collection":[{"href":"https:\/\/productosmariagracia.com\/index.php?rest_route=\/wp\/v2\/product"}],"about":[{"href":"https:\/\/productosmariagracia.com\/index.php?rest_route=\/wp\/v2\/types\/product"}],"replies":[{"embeddable":true,"href":"https:\/\/productosmariagracia.com\/index.php?rest_route=%2Fwp%2Fv2%2Fcomments&post=636"}],"version-history":[{"count":2,"href":"https:\/\/productosmariagracia.com\/index.php?rest_route=\/wp\/v2\/product\/636\/revisions"}],"predecessor-version":[{"id":637,"href":"https:\/\/productosmariagracia.com\/index.php?rest_route=\/wp\/v2\/product\/636\/revisions\/637"}],"wp:featuredmedia":[{"embeddable":true,"href":"https:\/\/productosmariagracia.com\/index.php?rest_route=\/wp\/v2\/media\/619"}],"wp:attachment":[{"href":"https:\/\/productosmariagracia.com\/index.php?rest_route=%2Fwp%2Fv2%2Fmedia&parent=636"}],"wp:term":[{"taxonomy":"product_brand","embeddable":true,"href":"https:\/\/productosmariagracia.com\/index.php?rest_route=%2Fwp%2Fv2%2Fproduct_brand&post=636"},{"taxonomy":"product_cat","embeddable":true,"href":"https:\/\/productosmariagracia.com\/index.php?rest_route=%2Fwp%2Fv2%2Fproduct_cat&post=636"},{"taxonomy":"product_tag","embeddable":true,"href":"https:\/\/productosmariagracia.com\/index.php?rest_route=%2Fwp%2Fv2%2Fproduct_tag&post=636"}],"curies":[{"name":"wp","href":"https:\/\/api.w.org\/{rel}","templated":true}]}}