{"id":644,"date":"2025-11-07T11:02:43","date_gmt":"2025-11-07T11:02:43","guid":{"rendered":"https:\/\/productosmariagracia.com\/?post_type=product&#038;p=644"},"modified":"2026-03-16T17:59:09","modified_gmt":"2026-03-16T17:59:09","slug":"clear","status":"publish","type":"product","link":"https:\/\/productosmariagracia.com\/?product=clear","title":{"rendered":"Iaso Clear"},"content":{"rendered":"<ol>\n<li>Sistema de Adelgazamiento Iaso<\/li>\n<\/ol>\n<p>\u00a1Toma el control de tu transformaci\u00f3n con el Sistema de Adelgazamiento laso\u00ae! Estos tres productos restaurativos trabajan en sinton\u00eda con los procesos naturales de tu cuerpo, preparando el camino para una p\u00e9rdida de peso sostenible y un bienestar a largo plazo. Al cuidar tu intestino e h\u00edgado, reducir los antojos y activar tu metabolismo, esta soluci\u00f3n sin\u00e9rgica allana el camino hacia una versi\u00f3n m\u00e1s ligera, saludable y vibrante de ti.<\/p>\n<h3><strong>Beneficios:<\/strong><\/h3>\n<ul>\n<li>Favorece la funci\u00f3n hep\u00e1tica<\/li>\n<li>Estimula el metabolismo<\/li>\n<li>Promueve la salud intestinal<\/li>\n<li>Ayuda a controlar el peso<\/li>\n<li>Promueve una limpieza suave<\/li>\n<li>Apoya la producci\u00f3n de GLP-1<\/li>\n<li>Ayuda a controlar el apetito<\/li>\n<\/ul>\n","protected":false},"excerpt":{"rendered":"<ol>\n<li>LDescubre Iaso Clear, el suplemento innovador pensado especialmente para impulsar tu p\u00e9rdida de peso de forma natural. Su exclusiva f\u00f3rmula combina vitaminas esenciales, extractos bot\u00e1nicos y minerales que ayudan a equilibrar tu organismo y potenciar tu bienestar integral. Perfecto para adultos que desean transformar su estilo de vida y alcanzar sus metas de salud de manera segura y efectiva. Presentaci\u00f3n en envase de 30 c\u00e1psulas, f\u00e1cil de transportar y tomar diariamente. \u00a1Atr\u00e9vete a notar la diferencia y luce la mejor versi\u00f3n de ti!<\/li>\n<\/ol>\n","protected":false},"featured_media":646,"comment_status":"open","ping_status":"closed","template":"","meta":{"site-sidebar-layout":"default","site-content-layout":"","ast-site-content-layout":"default","site-content-style":"default","site-sidebar-style":"default","ast-global-header-display":"","ast-banner-title-visibility":"","ast-main-header-display":"","ast-hfb-above-header-display":"","ast-hfb-below-header-display":"","ast-hfb-mobile-header-display":"","site-post-title":"","ast-breadcrumbs-content":"","ast-featured-img":"","footer-sml-layout":"","theme-transparent-header-meta":"default","adv-header-id-meta":"","stick-header-meta":"","header-above-stick-meta":"","header-main-stick-meta":"","header-below-stick-meta":"","astra-migrate-meta-layouts":"set","ast-page-background-enabled":"default","ast-page-background-meta":{"desktop":{"background-color":"var(--ast-global-color-4)","background-image":"","background-repeat":"repeat","background-position":"center center","background-size":"auto","background-attachment":"scroll","background-type":"","background-media":"","overlay-type":"","overlay-color":"","overlay-opacity":"","overlay-gradient":""},"tablet":{"background-color":"","background-image":"","background-repeat":"repeat","background-position":"center center","background-size":"auto","background-attachment":"scroll","background-type":"","background-media":"","overlay-type":"","overlay-color":"","overlay-opacity":"","overlay-gradient":""},"mobile":{"background-color":"","background-image":"","background-repeat":"repeat","background-position":"center center","background-size":"auto","background-attachment":"scroll","background-type":"","background-media":"","overlay-type":"","overlay-color":"","overlay-opacity":"","overlay-gradient":""}},"ast-content-background-meta":{"desktop":{"background-color":"var(--ast-global-color-5)","background-image":"","background-repeat":"repeat","background-position":"center center","background-size":"auto","background-attachment":"scroll","background-type":"","background-media":"","overlay-type":"","overlay-color":"","overlay-opacity":"","overlay-gradient":""},"tablet":{"background-color":"var(--ast-global-color-5)","background-image":"","background-repeat":"repeat","background-position":"center center","background-size":"auto","background-attachment":"scroll","background-type":"","background-media":"","overlay-type":"","overlay-color":"","overlay-opacity":"","overlay-gradient":""},"mobile":{"background-color":"var(--ast-global-color-5)","background-image":"","background-repeat":"repeat","background-position":"center center","background-size":"auto","background-attachment":"scroll","background-type":"","background-media":"","overlay-type":"","overlay-color":"","overlay-opacity":"","overlay-gradient":""}}},"product_brand":[],"product_cat":[23],"product_tag":[],"class_list":{"0":"post-644","1":"product","2":"type-product","3":"status-publish","4":"has-post-thumbnail","6":"product_cat-productos-para-control-de-peso","7":"desktop-align-left","8":"tablet-align-left","9":"mobile-align-left","11":"first","12":"instock","13":"shipping-taxable","14":"purchasable","15":"product-type-simple"},"aioseo_notices":[],"_links":{"self":[{"href":"https:\/\/productosmariagracia.com\/index.php?rest_route=\/wp\/v2\/product\/644","targetHints":{"allow":["GET"]}}],"collection":[{"href":"https:\/\/productosmariagracia.com\/index.php?rest_route=\/wp\/v2\/product"}],"about":[{"href":"https:\/\/productosmariagracia.com\/index.php?rest_route=\/wp\/v2\/types\/product"}],"replies":[{"embeddable":true,"href":"https:\/\/productosmariagracia.com\/index.php?rest_route=%2Fwp%2Fv2%2Fcomments&post=644"}],"version-history":[{"count":2,"href":"https:\/\/productosmariagracia.com\/index.php?rest_route=\/wp\/v2\/product\/644\/revisions"}],"predecessor-version":[{"id":1132,"href":"https:\/\/productosmariagracia.com\/index.php?rest_route=\/wp\/v2\/product\/644\/revisions\/1132"}],"wp:featuredmedia":[{"embeddable":true,"href":"https:\/\/productosmariagracia.com\/index.php?rest_route=\/wp\/v2\/media\/646"}],"wp:attachment":[{"href":"https:\/\/productosmariagracia.com\/index.php?rest_route=%2Fwp%2Fv2%2Fmedia&parent=644"}],"wp:term":[{"taxonomy":"product_brand","embeddable":true,"href":"https:\/\/productosmariagracia.com\/index.php?rest_route=%2Fwp%2Fv2%2Fproduct_brand&post=644"},{"taxonomy":"product_cat","embeddable":true,"href":"https:\/\/productosmariagracia.com\/index.php?rest_route=%2Fwp%2Fv2%2Fproduct_cat&post=644"},{"taxonomy":"product_tag","embeddable":true,"href":"https:\/\/productosmariagracia.com\/index.php?rest_route=%2Fwp%2Fv2%2Fproduct_tag&post=644"}],"curies":[{"name":"wp","href":"https:\/\/api.w.org\/{rel}","templated":true}]}}